 Let u be d(3). Let b = 47 - u. What is the greatest common factor of b and 171?
19
Let j(n) = n**2 + 20*n + 35. Let p be j(-21). Calculate the greatest common divisor of 24 and p.
8
Let p be (-177)/(-6) + 4/(19 - 11). Calculate the highest common divisor of p and 590.
10
Let g(i) = -2*i**2 + 81*i - 134. Let o be g(31). What is the greatest common divisor of o and 35?
35
Suppose -8*z + 11*z = 9. Suppose 2*k + 13 = -m - z*k, -k = -4*m + 11. What is the greatest common factor of m and 4?
2
Let s be (-14 + 0)*-1 + 0. Suppose -4*w - 20 = 0, -4*w + 2*w - 8 = q. Calculate the highest common factor of q and s.
2
Suppose -l = 3*f + 13, 12*f + 3*l + 9 = 8*f. Let o be (-6)/f + -3*(-15)/9. Let i be (54/5)/((-2)/(-10)). Calculate the highest common divisor of o and i.
6
Let c(u) = -u**2 - 17*u + 56. Let o be c(-17). Let i = -1 - -3. Suppose -4*q + 112 = i*n, -50 = -4*q - 3*n + 62. What is the highest common factor of q and o?
28
Let a be -5 + 82 - 1*-2. Suppose a - 21 = -b. Let k = b + 122. What is the greatest common divisor of k and 8?
8
Let l be 3 + -1 - 21/3. Let y(w) = -w**3 - 7*w**2 - 11*w - 2. Let j be y(l). Let c be (15/(-6) - -3)*12. Calculate the highest common divisor of j and c.
3
Suppose 14 = 2*o - o. Let f(g) = 9*g - 388. Let i be f(54). Calculate the highest common divisor of i and o.
14
Let s(f) = f + 3. Let k be s(4). Calculate the highest common factor of 175 and k.
7
Suppose 0 = 3*i + 3, 5*g - 352 = 3*i + 981. Calculate the highest common factor of 190 and g.
38
Suppose r - 6 = -7. Let o = r + 9. What is the highest common divisor of 24 and o?
8
Suppose -m + 3*v + 20 = 4, -5*m + 50 = -5*v. Let d be 1 - -14 - (m - 4). Calculate the highest common divisor of d and 60.
12
Let x be ((-4)/(-12))/(3/27). Suppose -5*y - 3*r + 232 = 0, y - 19 = -r + 27. Let t = -44 + y. Calculate the highest common factor of t and x.
3
Let x(z) = z**2 + 6*z - 5. Let p be x(-6). Let t be 160/12*(-48)/p. What is the greatest common factor of t and 16?
16
Suppose -4*r + 5*m = 4*m - 1227, -3*r + 4*m + 930 = 0. What is the greatest common factor of 68 and r?
34
Suppose 0 = -4*s - w + 116, -4*w = 4*s - 16 - 100. Let p = s + -27. Calculate the highest common factor of p and 26.
2
Suppose 0 = -4*a - 22 + 78. Suppose 0 = -2*x - 3*w - 1 + 3, 0 = -3*x - 3*w + 9. What is the highest common divisor of a and x?
7
Let w = -2 + 4. Let g = 72 - w. Suppose 3*j = 3*r - 24, 2*j + 5 = -2*r + 29. What is the greatest common divisor of g and r?
10
Suppose -3*s + 5 = -4. Let x = 2876 - 2849. What is the highest common factor of x and s?
3
Suppose 0 = 4*c - 0*c - 2*t + 44, -4*c - 52 = -4*t. Let i = -5 - c. Suppose -30 + 2 = -p. Calculate the highest common divisor of p and i.
4
Suppose -402*i + 399*i = -30. What is the greatest common factor of i and 10?
10
Let t be 6/(-14) - (-4)/14*-2. Let a be (16/16)/(t/(-33)). Let z be (-65)/(-3) - 1/(-3). What is the highest common factor of z and a?
11
Suppose 4*g - 87 = -19. Suppose 326 = 4*h - 2*t - 14, 4*t - 340 = -4*h. What is the highest common factor of g and h?
17
Suppose -g - 20 = -5*g. Let m(k) = -k**2 + 11*k - 1. Let z be m(g). What is the highest common divisor of 29 and z?
29
Suppose 4*l - 94 = -h, -5*l = 34*h - 36*h - 124. What is the highest common factor of 564 and l?
12
Let r(x) = -4*x + 113. Let j be r(15). Calculate the highest common factor of j and 689.
53
Let j be (2 + 279 - -1) + (9 - 4). Calculate the highest common factor of 7 and j.
7
Suppose 5*d + 0*d - 15 = 0. Suppose -z = 5*s - 20, -d*z - z + 5 = 5*s. What is the highest common divisor of 40 and s?
5
Suppose 8*q - 6*q = 144. Calculate the highest common divisor of q and 132.
12
Suppose m = 2*v - 2*m - 7, 4*m = 4*v - 16. Suppose -v*f + 78 = 4*a, 2*a - 50 = -3*f - 2*a. What is the highest common factor of 21 and f?
7
Suppose 5*n + 5*i - 12 = 7*i, -4*n = 5*i - 3. Let u = 5 + 11. What is the greatest common factor of n and u?
2
Let x = 23 - 7. Suppose x*k - 364 = 3*k. Let v(c) = -c**2 - 9*c + 14. Let w be v(-10). What is the highest common factor of k and w?
4
Suppose 5*r + 75 = -5*l, l = 3*r - l + 20. Let x = r + 1. Let j be (-753)/x + 1/3. Calculate the highest common factor of 12 and j.
12
Let k(n) = 4 + n + 8*n**2 + 1 - 3. Let s be k(-1). What is the greatest common factor of 3 and s?
3
Let p be (-6)/5*10/(-4). Let w(r) = 6*r**2 - 6*r + 6. Let k = 15 - 13. Let b be w(k). Calculate the greatest common divisor of b and p.
3
Let s(u) = u**2 - 49 + 42 - 53 + 13*u. Let m be s(-20). Calculate the highest common factor of 32 and m.
16
Let s = -180 + 290. What is the highest common factor of 20 and s?
10
Suppose 0 = 49*a - 15 - 132. Calculate the highest common divisor of a and 25.
1
Suppose 0 = n + 2*d + 8, 3*n - n - 4*d = 24. Suppose 4*k - 896 = -4*p, p + 448 = n*k + 6*p. What is the greatest common factor of 32 and k?
32
Let z = 164 - -176. What is the greatest common divisor of 34 and z?
34
Let z = 19 - -17. Suppose 4*f = 3*v - 5*v + 68, 3*f - 3*v = 60. Calculate the greatest common divisor of z and f.
18
Let m be (4/(-16) - 0) + (-5)/(-60)*39. Let w(j) = -j + 1. Let r be w(-4). What is the highest common factor of m and r?
1
Let f = -24 + 22. Let k(c) = 7*c**2 - 3*c - 1. Let v be k(f). Calculate the greatest common factor of v and 22.
11
Let a = 2 - -6. Suppose -9*c = -12*c + 24. Suppose -a*d = -12*d + c. What is the highest common divisor of 14 and d?
2
Let v(d) = -4*d**2 - 69*d + 90. Let k be v(-17). What is the greatest common divisor of 1 and k?
1
Let r be (4/(-5))/((-2)/5). Suppose -3*z + 4*i = -138, 5*i = -r*z + 4*z - 99. What is the highest common divisor of 14 and z?
14
Let s = -269 - -397. Calculate the greatest common divisor of s and 80.
16
Let r be -5 - ((-2)/8 - (-1315)/(-4)). What is the highest common factor of r and 36?
36
Suppose -100 = -s - 5. Suppose f - 19 = 2*j, 18*j = 2*f + 19*j - 38. What is the highest common divisor of f and s?
19
Let l = -6 + 8. Let w(v) = 3*v**2 - 2*v. Let r be w(l). Let g be (32 - r)*2/3. Calculate the greatest common divisor of g and 112.
16
Let z = 44 + -11. Suppose -3*s + 4*k - 9 + 48 = 0, -2*k - z = -3*s. Let v(x) = x**2 + 7*x + 15. Let q be v(-10). What is the highest common divisor of q and s?
9
Suppose 435 = 3*d - 15. Let m be (-1 + (-7)/(-3))*d. Suppose 0 = 18*a - 13*a - m. What is the greatest common divisor of 8 and a?
8
Let b(l) = 3*l**2 - l - 17. Suppose 8 = 18*t - 20*t. Let i be b(t). Let h be (2/3)/(4/42). Calculate the highest common divisor of h and i.
7
Let m(a) = a**3 + 4*a**2 - 10*a - 7. Let n be m(-5). Suppose 0 = 3*w - 527 + 149. Calculate the greatest common divisor of w and n.
18
Let o(m) = -83*m**3 + 39*m**3 - 8*m**2 - 17 - 14*m + 43*m**3. Let k be o(-9). What is the greatest common factor of 19 and k?
19
Let r be (-105)/(-30)*(8/7)/1. What is the highest common factor of r and 38?
2
Suppose 3*d - 2*d - 115 = 0. Suppose 0 = 43*b + 42*b - 1955. Calculate the highest common divisor of d and b.
23
Let s be ((-9)/12)/(1/(-12)). Let l(x) = -12*x**2 + 0*x**3 + s - x**3 - x - 2. Let k be l(-12). What is the highest common divisor of k and 19?
19
Let i be -4 + -1 - (-31 - -22). Let a = -6 + 26. What is the greatest common divisor of i and a?
4
Let a(c) = -c**2 - 21*c - 39. Let l(z) = -z**3 + 5*z**2 + 2*z + 7. Let v be l(6). Let m be a(v). Calculate the greatest common divisor of 29 and m.
29
Let d(n) = -n**2 + 4*n - 1. Let v be d(3). Suppose -v*k = 2*k. Suppose 2*z = -k*z + 154. Calculate the highest common divisor of z and 11.
11
Let z(r) = r**3 - 8*r**2 + r + 30. Let a be z(8). What is the highest common factor of a and 475?
19
Let q = 6 + 4. Suppose -q = -3*z - v, -2*v = -4*z - 4*v + 14. Suppose -13 = h - 37. What is the highest common divisor of z and h?
3
Let a(s) = s**2 - 2*s + 1. Let u be a(6). Suppose 4*b = 4*t, -t - 5*b + 8*b = 10. Calculate the greatest common factor of t and u.
5
Suppose 325 = 5*b - 2*k, -b - 4*k - 83 = -2*b. Let m = 89 - b. Suppose -3*v - 2*o + m = -v, -29 = -5*v + 4*o. Calculate the highest common divisor of 9 and v.
9
Suppose 5*k = 6*k - 140. Let b be 44*(-3 + k/48)*-3. Suppose 290 = 5*g + 3*l - 318, 0 = -2*g + 3*l + 239. Calculate the greatest common divisor of g and b.
11
Let j(f) = f**3 + 0*f**3 - 4*f + 1 + 11*f**3 + 0*f**3 - 3*f**2. Let n be j(3). Let r be ((-9)/(18/52))/